{"id":273,"date":"2022-01-31T11:24:15","date_gmt":"2022-01-31T10:24:15","guid":{"rendered":"https:\/\/yonathan-darmon.students-laplateforme.io\/?post_type=product&#038;p=273"},"modified":"2022-01-31T11:30:31","modified_gmt":"2022-01-31T10:30:31","slug":"figure-rise-standard-ultraman-suit-ver7-5","status":"publish","type":"product","link":"https:\/\/yonathan-darmon.students-laplateforme.io\/mesprojets\/moncms\/product\/figure-rise-standard-ultraman-suit-ver7-5\/","title":{"rendered":"FIGURE-RISE STANDARD ULTRAMAN SUIT Ver7.5"},"content":{"rendered":"<h2><\/h2>\n<p>\u201cULTRAMAN SUIT Ver7.5\u201d du manga \u201cULTRAMAN\u201d est maintenant disponible en Figure-rise Standard ; Figure-rise Standard ULTRAMAN SUIT Ver7.5 ! \u00c9chelle 1\/12\u00e8me.<br \/>\nLa couleur argent\u00e9e sur la surface du corps principal reproduit la texture avec une finition suppl\u00e9mentaire, et la couleur rouge reproduit la texture avec une injection de brillant.<br \/>\nUne unit\u00e9 LED d\u00e9di\u00e9e est attach\u00e9e, et il est possible de garder un \u0153il sur.<br \/>\nEn plus des armes principales de \u201cULTRAMAN SUIT Ver7.5\u201d, \u201cEYE SLUGGER\u201d con\u00e7u par l\u2019auteur original Eiichi Shimizu est inclus en tant que pi\u00e8ce d\u2019arme originale.<br \/>\n\u201cEYE SLUGGER\u201d peut \u00eatre port\u00e9 \u00e0 deux mains.<br \/>\nLes pi\u00e8ces communes qui peuvent combiner deux \u201cEYE SLUGGER\u201d sont incluses.<\/p>\n<p><strong>Accessoires de Figure-rise Standard ULTRAMAN SUIT Ver7.5<\/strong><\/p>\n<ul>\n<li>\u00c9P\u00c9E SPACIUM \u00d7 1<\/li>\n<li>Gaine SPACIUM SWORD x 1<\/li>\n<li>COUTEAU x 2<\/li>\n<li>Arme originale \u201cEYE SLUGGER\u201d x 2<\/li>\n<\/ul>\n<p><strong>D\u00e9tails du produit<\/strong><\/p>\n<ul>\n<li>Unit\u00e9 LED x 1<\/li>\n<li>Produit moul\u00e9 x 8<\/li>\n<li>Autocollant de marquage x 1<\/li>\n<li>Feuille autocollant x 1<\/li>\n<li>Manuel d\u2019instructions x 1<\/li>\n<\/ul>\n","protected":false},"excerpt":{"rendered":"<table class=\"woocommerce-product-attributes shop_attributes\">\n<tbody>\n<tr class=\"woocommerce-product-attributes-item woocommerce-product-attributes-item--weight\">\n<th class=\"woocommerce-product-attributes-item__label\">Poids<\/th>\n<td class=\"woocommerce-product-attributes-item__value\">0.600 kg<\/td>\n<\/tr>\n<\/tbody>\n<\/table>\n","protected":false},"featured_media":274,"comment_status":"open","ping_status":"closed","template":"","meta":[],"product_cat":[32],"product_tag":[],"class_list":{"0":"post-273","1":"product","2":"type-product","3":"status-publish","4":"has-post-thumbnail","5":"hentry","6":"product_cat-manga","8":"entry","9":"has-media","10":"owp-thumbs-layout-horizontal","11":"owp-btn-normal","12":"owp-tabs-layout-horizontal","13":"has-no-thumbnails","14":"has-product-nav"},"_links":{"self":[{"href":"https:\/\/yonathan-darmon.students-laplateforme.io\/mesprojets\/moncms\/wp-json\/wp\/v2\/product\/273","targetHints":{"allow":["GET"]}}],"collection":[{"href":"https:\/\/yonathan-darmon.students-laplateforme.io\/mesprojets\/moncms\/wp-json\/wp\/v2\/product"}],"about":[{"href":"https:\/\/yonathan-darmon.students-laplateforme.io\/mesprojets\/moncms\/wp-json\/wp\/v2\/types\/product"}],"replies":[{"embeddable":true,"href":"https:\/\/yonathan-darmon.students-laplateforme.io\/mesprojets\/moncms\/wp-json\/wp\/v2\/comments?post=273"}],"wp:featuredmedia":[{"embeddable":true,"href":"https:\/\/yonathan-darmon.students-laplateforme.io\/mesprojets\/moncms\/wp-json\/wp\/v2\/media\/274"}],"wp:attachment":[{"href":"https:\/\/yonathan-darmon.students-laplateforme.io\/mesprojets\/moncms\/wp-json\/wp\/v2\/media?parent=273"}],"wp:term":[{"taxonomy":"product_cat","embeddable":true,"href":"https:\/\/yonathan-darmon.students-laplateforme.io\/mesprojets\/moncms\/wp-json\/wp\/v2\/product_cat?post=273"},{"taxonomy":"product_tag","embeddable":true,"href":"https:\/\/yonathan-darmon.students-laplateforme.io\/mesprojets\/moncms\/wp-json\/wp\/v2\/product_tag?post=273"}],"curies":[{"name":"wp","href":"https:\/\/api.w.org\/{rel}","templated":true}]}}