{"id":291,"date":"2022-01-31T11:44:29","date_gmt":"2022-01-31T10:44:29","guid":{"rendered":"https:\/\/yonathan-darmon.students-laplateforme.io\/?post_type=product&#038;p=291"},"modified":"2024-01-05T08:03:16","modified_gmt":"2024-01-05T07:03:16","slug":"les-farstriders-stormcast-eternals","status":"publish","type":"product","link":"https:\/\/yonathan-darmon.students-laplateforme.io\/mesprojets\/moncms\/product\/les-farstriders-stormcast-eternals\/","title":{"rendered":"Les Farstriders Stormcast Eternals"},"content":{"rendered":"<p>Visions glorieuses de lumi\u00e8re c\u00e9leste dor\u00e9e, incarnations de la puissance du Dieu-Roi, les Stormcast Eternals sont les messagers de la vengeance, arm\u00e9s de la force des astres. \u00c9claireurs audacieux et experts en coups de main, les Vanguard-Hunters sont les fantassins d&rsquo;\u00e9lite des Chambre d&rsquo;Auxiliaires d&rsquo;Avant-garde. Plus d&rsquo;une position jug\u00e9e inattaquable a \u00e9t\u00e9 assaillie et d\u00e9truite par une bande de Vanguard-Hunters qui s&rsquo;\u00e9tait rendue invisible dans la fureur de la bataille.<\/p>\n<p>Con\u00e7u pour \u00eatre le plus facile possible \u00e0 assembler pour les nouveaux hobbyistes tout en \u00e9tant suffisamment d\u00e9taill\u00e9 pour plaire aux v\u00e9t\u00e9rans les plus exigeants, voici un set de 3 figurines de Stormcast Eternals Faciles \u00e0 Monter. \u00c0 embo\u00eeter, sans collage n\u00e9cessaire, il est d&rsquo;une simplicit\u00e9 de montage d\u00e9sarmante.<\/p>\n<p>Vous trouverez dans ce kit 3 Stormcast Eternals dirig\u00e9s par Sanson Farstrider:<\/p>\n<p>&#8211; Sanson Farstrider est arm\u00e9 d&rsquo;un pistolet boltstorm et d&rsquo;une hachette de choc, et il est accompagn\u00e9 de son faucon stellaire;<br \/>\n&#8211; Almeric Eagle-Eye est arm\u00e9 d&rsquo;un pistolet boltstorm et d&rsquo;une hachette de choc;<br \/>\n&#8211; Elias Swiftblade est arm\u00e9 d&rsquo;un pistolet boltstorm et d&rsquo;un sabre d&rsquo;orage.<\/p>\n<p>Le kit est fourni en 19 composants \u00e0 embo\u00eeter, plus 3 socles ronds de 40mm sculpt\u00e9s et une planche de d\u00e9calcomanies Stormcast Eternals. Le tout comprend un warscroll contenant les r\u00e8gles pour jouer ces figurines en tant qu&rsquo;unit\u00e9 dans les parties de Warhammer Age of Sigmar.<\/p>\n","protected":false},"excerpt":{"rendered":"<p>Visions glorieuses de lumi\u00e8re c\u00e9leste dor\u00e9e, incarnations de la puissance du Dieu-Roi, les Stormcast Eternals sont les messagers de la vengeance, arm\u00e9s de la force des astres. \u00c9claireurs audacieux et experts en coups de main, les Vanguard-Hunters sont les fantassins d&rsquo;\u00e9lite des Chambre d&rsquo;Auxiliaires d&rsquo;Avant-garde. Plus d&rsquo;une position jug\u00e9e inattaquable a \u00e9t\u00e9 assaillie et d\u00e9truite [&hellip;]<\/p>\n","protected":false},"featured_media":292,"comment_status":"open","ping_status":"closed","template":"","meta":[],"product_cat":[21,22],"product_tag":[],"class_list":{"0":"post-291","1":"product","2":"type-product","3":"status-publish","4":"has-post-thumbnail","5":"hentry","6":"product_cat-figurine","7":"product_cat-warhammer","9":"entry","10":"has-media","11":"owp-thumbs-layout-horizontal","12":"owp-btn-normal","13":"owp-tabs-layout-horizontal","14":"has-no-thumbnails","15":"has-product-nav"},"_links":{"self":[{"href":"https:\/\/yonathan-darmon.students-laplateforme.io\/mesprojets\/moncms\/wp-json\/wp\/v2\/product\/291","targetHints":{"allow":["GET"]}}],"collection":[{"href":"https:\/\/yonathan-darmon.students-laplateforme.io\/mesprojets\/moncms\/wp-json\/wp\/v2\/product"}],"about":[{"href":"https:\/\/yonathan-darmon.students-laplateforme.io\/mesprojets\/moncms\/wp-json\/wp\/v2\/types\/product"}],"replies":[{"embeddable":true,"href":"https:\/\/yonathan-darmon.students-laplateforme.io\/mesprojets\/moncms\/wp-json\/wp\/v2\/comments?post=291"}],"wp:featuredmedia":[{"embeddable":true,"href":"https:\/\/yonathan-darmon.students-laplateforme.io\/mesprojets\/moncms\/wp-json\/wp\/v2\/media\/292"}],"wp:attachment":[{"href":"https:\/\/yonathan-darmon.students-laplateforme.io\/mesprojets\/moncms\/wp-json\/wp\/v2\/media?parent=291"}],"wp:term":[{"taxonomy":"product_cat","embeddable":true,"href":"https:\/\/yonathan-darmon.students-laplateforme.io\/mesprojets\/moncms\/wp-json\/wp\/v2\/product_cat?post=291"},{"taxonomy":"product_tag","embeddable":true,"href":"https:\/\/yonathan-darmon.students-laplateforme.io\/mesprojets\/moncms\/wp-json\/wp\/v2\/product_tag?post=291"}],"curies":[{"name":"wp","href":"https:\/\/api.w.org\/{rel}","templated":true}]}}