{"id":298,"date":"2022-01-31T11:49:12","date_gmt":"2022-01-31T10:49:12","guid":{"rendered":"https:\/\/yonathan-darmon.students-laplateforme.io\/?post_type=product&#038;p=298"},"modified":"2022-01-31T11:49:12","modified_gmt":"2022-01-31T10:49:12","slug":"nazgul","status":"publish","type":"product","link":"https:\/\/yonathan-darmon.students-laplateforme.io\/mesprojets\/moncms\/product\/nazgul\/","title":{"rendered":"Nazg\u00fbl"},"content":{"rendered":"<p>Les Spextres de l&rsquo;Anneau, les Nazg\u00fbl, les Neuf, les Cavaliers Noirs \u2013 les terrifiants laquais morts-vivants de Sauron. C&rsquo;\u00e9taient autrefois des Rois des Hommes, les porteurs des anneaux magiques forg\u00e9s par Sauron. Leurs anneaux leur conf\u00e9r\u00e8rent une vie immortelle, mais le pouvoir du Seigneur T\u00e9n\u00e9breux les a corrompus. Tout ce qu&rsquo;il reste d&rsquo;eux d\u00e9sormais est leurs esprits tortur\u00e9s, car leurs corps sont devenus immat\u00e9riels. Ils servent d\u00e9sormais Sauron sans faillir, car ils sont asservis \u00e0 sa volont\u00e9.<\/p>\n<p>Ce pack contient les Nazg\u00fbl, des figurines en r\u00e9sine finement d\u00e9taill\u00e9es en 9 composants, fournies avec 9 socles ronds de 25mm.<\/p>\n","protected":false},"excerpt":{"rendered":"<p>Les Spextres de l&rsquo;Anneau, les Nazg\u00fbl, les Neuf, les Cavaliers Noirs \u2013 les terrifiants laquais morts-vivants de Sauron. C&rsquo;\u00e9taient autrefois des Rois des Hommes, les porteurs des anneaux magiques forg\u00e9s par Sauron. Leurs anneaux leur conf\u00e9r\u00e8rent une vie immortelle, mais le pouvoir du Seigneur T\u00e9n\u00e9breux les a corrompus. Tout ce qu&rsquo;il reste d&rsquo;eux d\u00e9sormais est [&hellip;]<\/p>\n","protected":false},"featured_media":299,"comment_status":"open","ping_status":"closed","template":"","meta":[],"product_cat":[21,34],"product_tag":[],"class_list":{"0":"post-298","1":"product","2":"type-product","3":"status-publish","4":"has-post-thumbnail","5":"hentry","6":"product_cat-figurine","7":"product_cat-seigneur-des-anneaux","9":"entry","10":"has-media","11":"owp-thumbs-layout-horizontal","12":"owp-btn-normal","13":"owp-tabs-layout-horizontal","14":"has-no-thumbnails","15":"has-product-nav"},"_links":{"self":[{"href":"https:\/\/yonathan-darmon.students-laplateforme.io\/mesprojets\/moncms\/wp-json\/wp\/v2\/product\/298","targetHints":{"allow":["GET"]}}],"collection":[{"href":"https:\/\/yonathan-darmon.students-laplateforme.io\/mesprojets\/moncms\/wp-json\/wp\/v2\/product"}],"about":[{"href":"https:\/\/yonathan-darmon.students-laplateforme.io\/mesprojets\/moncms\/wp-json\/wp\/v2\/types\/product"}],"replies":[{"embeddable":true,"href":"https:\/\/yonathan-darmon.students-laplateforme.io\/mesprojets\/moncms\/wp-json\/wp\/v2\/comments?post=298"}],"wp:featuredmedia":[{"embeddable":true,"href":"https:\/\/yonathan-darmon.students-laplateforme.io\/mesprojets\/moncms\/wp-json\/wp\/v2\/media\/299"}],"wp:attachment":[{"href":"https:\/\/yonathan-darmon.students-laplateforme.io\/mesprojets\/moncms\/wp-json\/wp\/v2\/media?parent=298"}],"wp:term":[{"taxonomy":"product_cat","embeddable":true,"href":"https:\/\/yonathan-darmon.students-laplateforme.io\/mesprojets\/moncms\/wp-json\/wp\/v2\/product_cat?post=298"},{"taxonomy":"product_tag","embeddable":true,"href":"https:\/\/yonathan-darmon.students-laplateforme.io\/mesprojets\/moncms\/wp-json\/wp\/v2\/product_tag?post=298"}],"curies":[{"name":"wp","href":"https:\/\/api.w.org\/{rel}","templated":true}]}}